{"id":14,"date":"2011-11-07T08:30:55","date_gmt":"2011-11-07T08:30:55","guid":{"rendered":"http:\/\/iceservice.pl\/?page_id=14"},"modified":"2011-11-07T08:51:36","modified_gmt":"2011-11-07T08:51:36","slug":"chlodnictwo-przemyslowe","status":"publish","type":"page","link":"https:\/\/iceservice.pl\/?page_id=14","title":{"rendered":"Ch\u0142odnictwo przemys\u0142owe"},"content":{"rendered":"<p style=\"text-align: justify;\">Ch\u0142odnictwo, mro\u017ania \u2013 projektujemy i montujemy systemy ch\u0142odzenia i mro\u017cenia dostosowanego dla przemys\u0142u spo\u017cywczego, jak r\u00f3wnie\u017c dla bran\u017c specjalistycznych. Montowane przez nas urz\u0105dzenia charakteryzuj\u0105 si\u0119 trwa\u0142o\u015bci\u0105, ekonomiczno\u015bci\u0105, posiadaj\u0105 atesty norm jako\u015bciowych.<\/p>\n<p style=\"text-align: justify;\">Ch\u0142odnia jest pomieszczeniem do przechowywania artyku\u0142\u00f3w, kt\u00f3re wymagaj\u0105 przed\u0142u\u017cenia trwa\u0142o\u015bci przy zachowaniu ni\u017cszej temperatury ni\u017c temperatura otoczenia. Ch\u0142odni\u0105 mo\u017ce by\u0107 komora, kontener, du\u017ca sala w budynku. W ch\u0142odni wa\u017cna jest skuteczno\u015b\u0107 izolacji termicznej strop\u00f3w i \u015bcian, a przede wszystkim wydajno\u015b\u0107 urz\u0105dze\u0144 ch\u0142odniczych.<\/p>\n<p style=\"text-align: justify;\">Mro\u017ania s\u0105 wyposa\u017cone w urz\u0105dzenia zamra\u017calnicze. Tak jak w ch\u0142odnictwie dla przed\u0142u\u017cenia trwa\u0142o\u015bci produkt\u00f3w stosuje si\u0119 temperatur\u0119 zazwyczaj od 0 do 4\u00a0\u00b0C, tak w mro\u017ani wykorzystuje si\u0119 temperatur\u0119 poni\u017cej -25 \u00b0C (do -50 \u00b0C). Produkty w mro\u017ani przeznaczone s\u0105 do d\u0142ugotrwa\u0142ego przechowywania \u017cywno\u015bci.<\/p>\n<p style=\"text-align: justify;\">Meble ch\u0142odnicze, lady ch\u0142odnicze \u2013 meble ch\u0142odnicze s\u0105 podstaw\u0105 do przechowywania produkt\u00f3w w odpowiednich warunkach klimatycznych (temperatura i wilgotno\u015b\u0107), produkty w nich przechowywane d\u0142ugo zachowuj\u0105 swoj\u0105 \u015bwie\u017co\u015b\u0107. Stanowi\u0105 wyposa\u017cenie sklep\u00f3w bran\u017cy spo\u017cywczej, jak r\u00f3wnie\u017c s\u0105 wykorzystywane na stacjach benzynowych, restauracjach czy innych obiektach handlowych. W naszej ofercie znajdziecie Pa\u0144stwo w zakresie mebli ch\u0142odniczych: lady ch\u0142odnicze, witryny ch\u0142odnicze, rega\u0142y ch\u0142odnicze,\u00a0 szafy ch\u0142odnicze, wanny mro\u017anicze i wyspy mro\u017anicze.<\/p>\n","protected":false},"excerpt":{"rendered":"<p>Ch\u0142odnictwo, mro\u017ania \u2013 projektujemy i montujemy systemy ch\u0142odzenia i mro\u017cenia dostosowanego dla przemys\u0142u spo\u017cywczego, jak r\u00f3wnie\u017c dla bran\u017c specjalistycznych. Montowane przez nas urz\u0105dzenia charakteryzuj\u0105 si\u0119 trwa\u0142o\u015bci\u0105, ekonomiczno\u015bci\u0105, posiadaj\u0105 atesty norm jako\u015bciowych. Ch\u0142odnia jest pomieszczeniem do przechowywania artyku\u0142\u00f3w, kt\u00f3re wymagaj\u0105 przed\u0142u\u017cenia trwa\u0142o\u015bci przy zachowaniu ni\u017cszej temperatury ni\u017c temperatura otoczenia. Ch\u0142odni\u0105 mo\u017ce by\u0107 komora, kontener, du\u017ca sala [&hellip;]<\/p>\n","protected":false},"author":1,"featured_media":0,"parent":10,"menu_order":0,"comment_status":"closed","ping_status":"closed","template":"","meta":{"ngg_post_thumbnail":0,"footnotes":""},"_links":{"self":[{"href":"https:\/\/iceservice.pl\/index.php?rest_route=\/wp\/v2\/pages\/14"}],"collection":[{"href":"https:\/\/iceservice.pl\/index.php?rest_route=\/wp\/v2\/pages"}],"about":[{"href":"https:\/\/iceservice.pl\/index.php?rest_route=\/wp\/v2\/types\/page"}],"author":[{"embeddable":true,"href":"https:\/\/iceservice.pl\/index.php?rest_route=\/wp\/v2\/users\/1"}],"replies":[{"embeddable":true,"href":"https:\/\/iceservice.pl\/index.php?rest_route=%2Fwp%2Fv2%2Fcomments&post=14"}],"version-history":[{"count":3,"href":"https:\/\/iceservice.pl\/index.php?rest_route=\/wp\/v2\/pages\/14\/revisions"}],"predecessor-version":[{"id":44,"href":"https:\/\/iceservice.pl\/index.php?rest_route=\/wp\/v2\/pages\/14\/revisions\/44"}],"up":[{"embeddable":true,"href":"https:\/\/iceservice.pl\/index.php?rest_route=\/wp\/v2\/pages\/10"}],"wp:attachment":[{"href":"https:\/\/iceservice.pl\/index.php?rest_route=%2Fwp%2Fv2%2Fmedia&parent=14"}],"curies":[{"name":"wp","href":"https:\/\/api.w.org\/{rel}","templated":true}]}}