{"id":20,"date":"2011-11-07T08:32:57","date_gmt":"2011-11-07T08:32:57","guid":{"rendered":"http:\/\/iceservice.pl\/?page_id=20"},"modified":"2011-12-09T22:19:02","modified_gmt":"2011-12-09T22:19:02","slug":"autoklimatyzacja","status":"publish","type":"page","link":"https:\/\/iceservice.pl\/?page_id=20","title":{"rendered":"Autoklimatyzacja"},"content":{"rendered":"<p style=\"text-align: justify;\">W zakres naszych us\u0142ug wchodzi monta\u017c instalacji klimatyzacyjnej w samochodach osobowych oraz w pojazdach transportu spo\u017cywczego. Naprawiamy klimatyzacj\u0119 w samochodach wi\u0119kszo\u015bci marek. Przegl\u0105dy okresowe klimatyzacji wykonywane w naszej firmie przebiegaj\u0105 szybko i sprawnie. Sprawdzamy szczelno\u015b\u0107 i wydajno\u015b\u0107 instalacji oraz zajmujemy si\u0119 dezynfekcj\u0105 uk\u0142ad\u00f3w klimatyzacyjnych i ch\u0142odniczych. W zakres naszych us\u0142ug wchodzi r\u00f3wnie\u017c nape\u0142nianie klimatyzacji czynnikiem freonowym.<\/p>\n","protected":false},"excerpt":{"rendered":"<p>W zakres naszych us\u0142ug wchodzi monta\u017c instalacji klimatyzacyjnej w samochodach osobowych oraz w pojazdach transportu spo\u017cywczego. Naprawiamy klimatyzacj\u0119 w samochodach wi\u0119kszo\u015bci marek. Przegl\u0105dy okresowe klimatyzacji wykonywane w naszej firmie przebiegaj\u0105 szybko i sprawnie. Sprawdzamy szczelno\u015b\u0107 i wydajno\u015b\u0107 instalacji oraz zajmujemy si\u0119 dezynfekcj\u0105 uk\u0142ad\u00f3w klimatyzacyjnych i ch\u0142odniczych. W zakres naszych us\u0142ug wchodzi r\u00f3wnie\u017c nape\u0142nianie klimatyzacji czynnikiem [&hellip;]<\/p>\n","protected":false},"author":1,"featured_media":0,"parent":10,"menu_order":0,"comment_status":"closed","ping_status":"closed","template":"","meta":{"ngg_post_thumbnail":0,"footnotes":""},"_links":{"self":[{"href":"https:\/\/iceservice.pl\/index.php?rest_route=\/wp\/v2\/pages\/20"}],"collection":[{"href":"https:\/\/iceservice.pl\/index.php?rest_route=\/wp\/v2\/pages"}],"about":[{"href":"https:\/\/iceservice.pl\/index.php?rest_route=\/wp\/v2\/types\/page"}],"author":[{"embeddable":true,"href":"https:\/\/iceservice.pl\/index.php?rest_route=\/wp\/v2\/users\/1"}],"replies":[{"embeddable":true,"href":"https:\/\/iceservice.pl\/index.php?rest_route=%2Fwp%2Fv2%2Fcomments&post=20"}],"version-history":[{"count":7,"href":"https:\/\/iceservice.pl\/index.php?rest_route=\/wp\/v2\/pages\/20\/revisions"}],"predecessor-version":[{"id":81,"href":"https:\/\/iceservice.pl\/index.php?rest_route=\/wp\/v2\/pages\/20\/revisions\/81"}],"up":[{"embeddable":true,"href":"https:\/\/iceservice.pl\/index.php?rest_route=\/wp\/v2\/pages\/10"}],"wp:attachment":[{"href":"https:\/\/iceservice.pl\/index.php?rest_route=%2Fwp%2Fv2%2Fmedia&parent=20"}],"curies":[{"name":"wp","href":"https:\/\/api.w.org\/{rel}","templated":true}]}}